{"id":39,"date":"2022-09-20T09:39:40","date_gmt":"2022-09-20T09:39:40","guid":{"rendered":"https:\/\/teams.issibern.ch\/ionkineticinstabilities\/?page_id=39"},"modified":"2026-01-17T10:38:40","modified_gmt":"2026-01-17T10:38:40","slug":"publications","status":"publish","type":"page","link":"https:\/\/teams.issibern.ch\/ionkineticinstabilities\/publications\/","title":{"rendered":"Publications"},"content":{"rendered":"<div class=\"page\" title=\"Page 1\">\n<div class=\"layoutArea\">\n<div class=\"column\">\n<ol>\n<li>Martinovi\u0107, M.M., and Klein, K.G. 2023, Ion-Driven Instabilities in the Inner Heliosphere II: Classification and Multi-Dimensional Mapping, ApJ, 952, doi:10.3847\/1538-4357\/acdb79.<\/li>\n<li>Maruca, B.A., Qudsi, R.A., Alterman, B.L., et al. 2023, The Trans-Heliospheric Survey. Radial trends in plasma parameters across the heliosphere, A&amp;A, 675, doi:10.1051\/0004-6361\/202345951.<\/li>\n<li>Ofman, L., Boardsen, S.A., Jian, L.K., Mostafavi, P., \u00a0Verniero, J.L., Livi, R., McManus, M., Rahmati, A., Larson, D., Stevens, M.L. 2023, Observations and Modeling of Unstable Proton and \u03b1 Particle Velocity Distributions in Sub-Alfvenic Solar Wind at PSP Perihelia, ApJ 954, 109, doi: 10.3847\/1538-4357\/acea7e.<\/li>\n<li>Opie, S., Verscharen, D., Chen, C. H. K., Owen, C. J., Isenberg, P. A. 2023, The effect of variations in the magnetic field direction from turbulence on kinetic-scale instabilities, \u00a0A&amp;A 672, doi:10.1051\/0004-6361\/202345965.<\/li>\n<li>Telloni, D. and 34 colleagues 2023, Does Turbulence along the Coronal Current Sheet Drive Ion Cyclotron Waves?, ApJ 944, doi:10.3847\/1538-4357\/acb693.<\/li>\n<li>Walters, Jada, Kristopher G. Klein, Emily Lichko, Michael L. Stevens, D. Verscharen, and B. D. G. Chandran 2023, The Effects of Non-Equilibrium Velocity Distributions on Alfven Ion-Cyclotron Waves in the Solar Wind, ApJ 955, 97, doi:10.3847\/1538-4357\/acf1fa.<\/li>\n<li>Zhu, X., Verscharen, D., He, J., Maruca, B. A., Owen, C. J. \u00a02023, Regulation of Proton-\u03b1 Differential Flow by Compressive Fluctuations and Ion-scale Instabilities in the Solar Wind, ApJ 956, doi:10.3847\/1538-4357\/aced03.<\/li>\n<li>Jiang, W., Verscharen, D., Jeong, S.-Y., Li, H., Klein, K. G., Owen, C. J., and Wang, C. 2024, Velocity space signatures of resonant energy transfer between whistler waves and electrons in the Earth\u2019s magnetosheath, ApJ 960, 30, doi:10.3847\/1538-4357\/ad0df8.<\/li>\n<li>Simon Opie, Daniel Verscharen, Christopher H.K. Chen, Christopher J. Owen, Philip A. Isenberg 2024, Luca Sorriso-Valvo, Luca Franci and LorenzoMatteini, Temperature anisotropy instabilities driven by intermittent velocity shears in the solar wind, J. Plasma Phys., vol. 90, 905900602, doi:10.1017\/S0022377824001375.<\/li>\n<li>Shaikh, Z.I., Verscharen, D., Vasko, I.Y., Maruca, B. A., Chakrabarty, D., Raghav, A.N. 2024, Anisotropic Heating and Cooling within Interplanetary Coronal Mass Ejection Sheath Plasma, ApJ 974, doi:10.3847\/1538-4357\/ad782b.<\/li>\n<li>\u010eurovcov\u00e1, T., \u0160afr\u00e1nkov\u00e1, J., N\u011bme\u010dek, Z. 2024, How Does the Structure of Rarefaction Regions Develop?, ApJ 966, 81, doi:10.3847\/1538-4357\/ad3074.<\/li>\n<li>Parisa Mostafavi, Rungployphan Kieokaew, Trevor Bowen, Daniele Telloni 2024, Kinetic plasma dynamics in the light of novel in situ heliospheric observations: synergistic view with theories and simulations, Frontiers, doi:10.3389\/fspas.2024.1491455.<\/li>\n<li>Parisa Mostafavi, et al. 2024, Parker Solar Probe observations of collisional effects on thermalizing the young solar wind, A&amp;A 682, A152, doi:10.1051\/0004-6361\/202347134.<\/li>\n<li>Mihailo M. Martinovi\u0107, Kristopher G. Klein, Rossana De Marco, Roberto Bruno, Daniel Verscharen, Raffaella D\u2019Amicis 2025, Impact of Two-Population \u03b1-particle Distributions on Plasma Stability, ApJL 988, L25, doi: 10.3847\/2041-8213\/adeaac.<\/li>\n<li>Leon Ofman, Yogesh, Scott A Boardsen, Parisa Mostafavi, Lan K Jian, Viacheslav M Sadykov, Kristopher Klein, and Mihailo Martinovi\u0107 2025, Modeling hot, anisotropic ion beams in the solar wind motivated by the Parker Solar Probe observations near perihelia, ApJ, 984, 174, <span class=\"s1\">doi:10.3847\/1538-4357\/<\/span><span class=\"s1\">adc812<\/span>.<\/li>\n<li>J. Noh, X. Fu, M. Cowee, L. K. Jian, D.-Y. Lee, F. Guo, I. Kuzichev, J. Seough, D. B. Reisenfeld, J. T. Steinberg, R. M. Skoug, R. Livi, and J. Huang, Simultaneous Observation of Ion-scale Wave Packets with Opposite Polarizations and Their Implications to the Generation Region in the Inner Heliosphere, <em>Astrophys. J<\/em>., <em>985<\/em>, 249, doi: 10.3847\/1538-4357\/adcd66, 2025.<\/li>\n<li>J. Noh, D.-Y. Lee, X. Fu, F. Guo, M. M. Cowee, L. K. Jian, I. Kuzichev, J.Seough, J. T. Steinberg, and R. M. Skoug, Dual-band Ion-scale Waves in the Solar Wind: Statistical Properties and Comparison with Single-band Ion-scale Waves, <em>Astrophys. J. Lett<\/em>., 993, L8, doi: 10.3847\/2041-8213\/ae112a, 2025.<\/li>\n<\/ol>\n<\/div>\n<\/div>\n<\/div>\n","protected":false},"excerpt":{"rendered":"<p>Martinovi\u0107, M.M., and Klein, K.G. 2023, Ion-Driven Instabilities in the Inner Heliosphere II: Classification and Multi-Dimensional Mapping, ApJ, 952, doi:10.3847\/1538-4357\/acdb79. Maruca, B.A., Qudsi, R.A., Alterman, B.L., et al. 2023, The Trans-Heliospheric Survey. Radial trends in plasma parameters across the heliosphere, A&amp;A, 675, doi:10.1051\/0004-6361\/202345951. Ofman, L., Boardsen, S.A., Jian, L.K., Mostafavi, P., \u00a0Verniero, J.L., Livi, R., [&hellip;]<\/p>\n","protected":false},"author":62,"featured_media":0,"parent":0,"menu_order":0,"comment_status":"closed","ping_status":"closed","template":"","meta":{"footnotes":""},"class_list":["post-39","page","type-page","status-publish","hentry"],"_links":{"self":[{"href":"https:\/\/teams.issibern.ch\/ionkineticinstabilities\/wp-json\/wp\/v2\/pages\/39","targetHints":{"allow":["GET"]}}],"collection":[{"href":"https:\/\/teams.issibern.ch\/ionkineticinstabilities\/wp-json\/wp\/v2\/pages"}],"about":[{"href":"https:\/\/teams.issibern.ch\/ionkineticinstabilities\/wp-json\/wp\/v2\/types\/page"}],"author":[{"embeddable":true,"href":"https:\/\/teams.issibern.ch\/ionkineticinstabilities\/wp-json\/wp\/v2\/users\/62"}],"replies":[{"embeddable":true,"href":"https:\/\/teams.issibern.ch\/ionkineticinstabilities\/wp-json\/wp\/v2\/comments?post=39"}],"version-history":[{"count":28,"href":"https:\/\/teams.issibern.ch\/ionkineticinstabilities\/wp-json\/wp\/v2\/pages\/39\/revisions"}],"predecessor-version":[{"id":135,"href":"https:\/\/teams.issibern.ch\/ionkineticinstabilities\/wp-json\/wp\/v2\/pages\/39\/revisions\/135"}],"wp:attachment":[{"href":"https:\/\/teams.issibern.ch\/ionkineticinstabilities\/wp-json\/wp\/v2\/media?parent=39"}],"curies":[{"name":"wp","href":"https:\/\/api.w.org\/{rel}","templated":true}]}}