{"id":6,"date":"2024-10-15T09:29:14","date_gmt":"2024-10-15T09:29:14","guid":{"rendered":"https:\/\/teams.issibern.ch\/expanding\/?page_id=6"},"modified":"2024-10-16T16:46:23","modified_gmt":"2024-10-16T16:46:23","slug":"team-members","status":"publish","type":"page","link":"https:\/\/teams.issibern.ch\/expanding\/team-members\/","title":{"rendered":"Team members"},"content":{"rendered":"<p><strong><span style=\"font-size: 14pt\">CORE TEAM MEMBERS<\/span><\/strong><\/p>\n<ul>\n<li><span style=\"font-size: 14pt\"><span style=\"color: #0000ff\">Anupam Bhardwaj<\/span> (Team Leader)<br \/>\nAssistant Professor, IUCAA, Pune, India<\/span><\/li>\n<li><span style=\"font-size: 14pt\"><span style=\"color: #0000ff\">Marcella Marconi<\/span><br \/>\nProfessor, INAF-OACN, Naples, Italy<\/span><\/li>\n<li><span style=\"font-size: 14pt\"><span style=\"color: #0000ff\">Richard de Grijs<\/span><br \/>\nProfessor, Macquarie University, Sydney, Australia\u00a0<\/span><\/li>\n<li><span style=\"font-size: 14pt\"><span style=\"color: #0000ff\">Marina Rejkuba\u00a0<\/span><br \/>\nStaff Astronomer, ESO, Garching, Germany<\/span><\/li>\n<li><span style=\"font-size: 14pt;color: #0000ff\">R\u00f3bert Szab\u00f3<\/span><br \/>\n<span style=\"font-size: 14pt\">Astronomer and Director, Konkoly Observatory, Budapest, Hungary<\/span><\/li>\n<li><span style=\"font-size: 14pt\"><span style=\"color: #0000ff\">Vincenzo Ripepi<\/span><br \/>\nAssociate Professor, INAF-OACN, Naples, Italy<\/span><\/li>\n<li><span style=\"font-size: 14pt\"><span style=\"color: #0000ff\">Earl P. Bellinger<\/span><br \/>\nAssistant Professor, Yale University, USA<\/span><\/li>\n<li><span style=\"font-size: 14pt\"><span style=\"color: #0000ff\">Shashi M. Kanbur<\/span><br \/>\nDistinguished Professor, SUNY Oswego, USA<\/span><\/li>\n<li><span style=\"font-size: 14pt;color: #0000ff\">L\u00e1szl\u00f3 Moln\u00e1r<\/span><br \/>\n<span style=\"font-size: 14pt\">Senior Research Fellow, Konkoly Observatory, Budapest, Hungary<\/span><\/li>\n<li><span style=\"font-size: 14pt;color: #0000ff\">Matteo Moneli<\/span><br \/>\n<span style=\"font-size: 14pt\">Advanced Fellow (Scientist E), IAC, Tenerife, Spain<\/span><\/li>\n<li><span style=\"font-size: 14pt;color: #0000ff\">Noriyuki Matsunaga<\/span><br \/>\n<span style=\"font-size: 14pt\">Associate Professor, The University of Tokyo, Japan<\/span><\/li>\n<li><span style=\"font-size: 14pt;color: #0000ff\">Xiaodian Chen<\/span><br \/>\n<span style=\"font-size: 14pt\">Professor, NAOC, Beijing, China<\/span><\/li>\n<\/ul>\n<p><span style=\"font-size: 14pt\"><strong>EARLY-CAREER SCIENTISTS SUPPORTED BY ISSI<\/strong><\/span><\/p>\n<ul>\n<li><span style=\"font-size: 14pt\">Mami Deka (INAF-OACN, Naples, Italy)<\/span><\/li>\n<li><span style=\"font-size: 14pt\">Erasmo Trentin (AIP, Postdam, Germany)<\/span><\/li>\n<li><span style=\"font-size: large\">Dr. Susmita Das (Konkoly Obs., Hungary)<\/span><strong><span style=\"font-size: large\"><br \/>\n<\/span><\/strong><\/li>\n<\/ul>\n<p><span style=\"font-size: 14pt\"><strong>SELF-SUPPORTED MEMBERS<\/strong><\/span><\/p>\n<ul>\n<li><span style=\"font-size: 14pt\">Dr. Clara Martinzez-Vazquez (NOIRLab, USA)<\/span><\/li>\n<li><span style=\"font-size: 14pt\">Dr. Shu Wang (NAOC, China)<\/span><\/li>\n<li><span style=\"font-size: 14pt\">Selim Kalici (Yale University, USA)<\/span><\/li>\n<\/ul>\n","protected":false},"excerpt":{"rendered":"<p>CORE TEAM MEMBERS Anupam Bhardwaj (Team Leader) Assistant Professor, IUCAA, Pune, India Marcella Marconi Professor, INAF-OACN, Naples, Italy Richard de Grijs Professor, Macquarie University, Sydney, Australia\u00a0 Marina Rejkuba\u00a0 Staff Astronomer, ESO, Garching, Germany R\u00f3bert Szab\u00f3 Astronomer and Director, Konkoly Observatory, Budapest, Hungary Vincenzo Ripepi Associate Professor, INAF-OACN, Naples, Italy Earl P. Bellinger Assistant Professor, Yale [&hellip;]<\/p>\n","protected":false},"author":1,"featured_media":0,"parent":0,"menu_order":0,"comment_status":"closed","ping_status":"closed","template":"","meta":{"footnotes":""},"class_list":["post-6","page","type-page","status-publish","hentry"],"_links":{"self":[{"href":"https:\/\/teams.issibern.ch\/expanding\/wp-json\/wp\/v2\/pages\/6","targetHints":{"allow":["GET"]}}],"collection":[{"href":"https:\/\/teams.issibern.ch\/expanding\/wp-json\/wp\/v2\/pages"}],"about":[{"href":"https:\/\/teams.issibern.ch\/expanding\/wp-json\/wp\/v2\/types\/page"}],"author":[{"embeddable":true,"href":"https:\/\/teams.issibern.ch\/expanding\/wp-json\/wp\/v2\/users\/1"}],"replies":[{"embeddable":true,"href":"https:\/\/teams.issibern.ch\/expanding\/wp-json\/wp\/v2\/comments?post=6"}],"version-history":[{"count":3,"href":"https:\/\/teams.issibern.ch\/expanding\/wp-json\/wp\/v2\/pages\/6\/revisions"}],"predecessor-version":[{"id":19,"href":"https:\/\/teams.issibern.ch\/expanding\/wp-json\/wp\/v2\/pages\/6\/revisions\/19"}],"wp:attachment":[{"href":"https:\/\/teams.issibern.ch\/expanding\/wp-json\/wp\/v2\/media?parent=6"}],"curies":[{"name":"wp","href":"https:\/\/api.w.org\/{rel}","templated":true}]}}