{"id":43,"date":"2024-08-26T10:05:32","date_gmt":"2024-08-26T10:05:32","guid":{"rendered":"https:\/\/teams.issibern.ch\/activityofcomets\/?page_id=43"},"modified":"2025-01-29T08:17:53","modified_gmt":"2025-01-29T08:17:53","slug":"publications-and-conference-presentations","status":"publish","type":"page","link":"https:\/\/teams.issibern.ch\/activityofcomets\/publications-and-conference-presentations\/","title":{"rendered":"Publications and Conference Presentations"},"content":{"rendered":"<p><a href=\"https:\/\/www.aanda.org\/component\/article?access=doi&amp;doi=10.1051\/0004-6361\/202452260\">Thermal environment and erosion of comet 67P\/Churyumov-Gerasimenko. O. Groussin, L. Jorda, N. Attree, S.P.D. Birch, J. B\u00fcrger, P. Guti\u00e9rrez, A.S. Jindal, H.U. Keller, T. Kramer, R. Lasagni Manghi, M. L\u00e4uter, J. Markkanen, R. Marschall, C. Schuckart. A&amp;A (Forthcoming article, accepted: 12 December 2024). DOI: https:\/\/doi.org\/10.1051\/0004-6361\/202452260<\/a><\/p>\n<p><a href=\"https:\/\/academic.oup.com\/mnras\/advance-article\/doi\/10.1093\/mnras\/stae2315\/7816388?utm_source=advanceaccess&amp;utm_campaign=mnras&amp;utm_medium=email\">Localised ejection of dust and chunks on comet 67P\/Churyumov-Gerasimenko: testing how comets work. N. Attree, C. Schuckart, D. Bischoff, B. Gundlach, J. Blum. Monthly Notices of the Royal Astronomical Society, stae2315, https:\/\/doi.org\/10.1093\/mnras\/stae2315 Published: 09 October 2024<\/a><\/p>\n<p><a href=\"https:\/\/www.aanda.org\/component\/article?access=doi&amp;doi=10.1051\/0004-6361\/202450728\">Varying water activity and momentum transfer on comet 67P\/Churyumov-Gerasimenko from its non-gravitational forces and torques. N. Attree, P. Guti\u00e9rrez, O. Groussin, J. B\u00fcrger, H.U. Keller, T. Kramer, R. Lasagni Manghi, M. L\u00e4uter, P. Lemos, J. Markkanen, R. Marschall, C. Schuckart A&amp;A, 690, A82 (2024). DOI: https:\/\/doi.org\/10.1051\/0004-6361\/202450728<\/a><\/p>\n<p><a href=\"https:\/\/www.xcdsystem.com\/aas\/program\/05CCAT9\/index.cfm?pgid=5216\">Lasagni Manghi, R., Zannoni, M., Tortora, P., Budnik, Frank Godard, B., &amp; Attree, N. 2024, in Conference proceeding for the 2024 AAS\/AIAA Astrodynamics Specialist Conference, EAAS24\u2013331<\/a><\/p>\n<p><a href=\"https:\/\/meetingorganizer.copernicus.org\/EPSC2024\/EPSC2024-82.html\">Attree, N., Guti\u00e9rrez, P., Groussin, O., B\u00fcrger, J., Keller, HU, Kramer, T., Lasagni Manghi, R., L\u00e4uter, M., Lemos, P., Markkanen , J., Marschall, R., and Schuckart, C.: The Results of ISSI Team #547: Understanding the Activity of Comets Through 67P&#8217;s Dynamics, Europlanet Science Congress 2024, Berlin, Germany, 8\u201313 Sep 2024, EPSC2024-82 , https:\/\/doi.org\/10.5194\/epsc2024-82, 2024.<\/a><\/p>\n<p><a href=\"https:\/\/meetingorganizer.copernicus.org\/EPSC2024\/EPSC2024-190.html\"> Groussin, O., Jorda, L., and Attree, N.: The thermal environment of comet 67P\/Churyumov-Gerasimenko, Europlanet Science Congress 2024, Berlin, Germany, 8\u201313 Sep 2024, EPSC2024-190, https:\/\/doi.org\/10.5194\/epsc2024-190, 2024.<\/a><\/p>\n<p><a href=\"https:\/\/meetingorganizer.copernicus.org\/EPSC2024\/EPSC2024-207.html\">Kramer, T. and L\u00e4uter, M.: Benchmarking the rotating jet model of cometary activity with the trajectory of comet 67P\/Churyumov-Gerasimenko, Europlanet Science Congress 2024, Berlin, Germany, 8\u201313 Sep 2024, EPSC2024- 207, https:\/\/doi.org\/10.5194\/epsc2024-207, 2024.<\/a><\/p>\n<p><a href=\"https:\/\/meetingorganizer.copernicus.org\/EGU21\/EGU21-14765.html\">Riccardo Lasagni Manghi, Marco Zannoni, Paolo Tortora, Michael K\u00fcppers, Laurence O&#8217;Rourke, Patrick Martin, Stefano Mottola, Frank Budnik, Ruaraidh Mackenzie, Bernard Godard, Laurent Jorda, Olivier Groussin, and Nicolas Thomas: Accurate ephemeris reconstruction for comet 67P\/Churyumov-Gerasimenko from Rosetta data analysis, EGU General Assembly, 19-30 April, online, EGU21-14765, https:\/\/doi.org\/10.5194\/egusphere-egu21-14765. <\/a><\/p>\n","protected":false},"excerpt":{"rendered":"<p>Thermal environment and erosion of comet 67P\/Churyumov-Gerasimenko. O. Groussin, L. Jorda, N. Attree, S.P.D. Birch, J. B\u00fcrger, P. Guti\u00e9rrez, A.S. Jindal, H.U. Keller, T. Kramer, R. Lasagni Manghi, M. L\u00e4uter, J. Markkanen, R. Marschall, C. Schuckart. A&amp;A (Forthcoming article, accepted: 12 December 2024). DOI: https:\/\/doi.org\/10.1051\/0004-6361\/202452260 Localised ejection of dust and chunks on comet 67P\/Churyumov-Gerasimenko: testing [&hellip;]<\/p>\n","protected":false},"author":48,"featured_media":0,"parent":0,"menu_order":4,"comment_status":"closed","ping_status":"closed","template":"","meta":{"footnotes":""},"class_list":["post-43","page","type-page","status-publish","hentry"],"_links":{"self":[{"href":"https:\/\/teams.issibern.ch\/activityofcomets\/wp-json\/wp\/v2\/pages\/43","targetHints":{"allow":["GET"]}}],"collection":[{"href":"https:\/\/teams.issibern.ch\/activityofcomets\/wp-json\/wp\/v2\/pages"}],"about":[{"href":"https:\/\/teams.issibern.ch\/activityofcomets\/wp-json\/wp\/v2\/types\/page"}],"author":[{"embeddable":true,"href":"https:\/\/teams.issibern.ch\/activityofcomets\/wp-json\/wp\/v2\/users\/48"}],"replies":[{"embeddable":true,"href":"https:\/\/teams.issibern.ch\/activityofcomets\/wp-json\/wp\/v2\/comments?post=43"}],"version-history":[{"count":13,"href":"https:\/\/teams.issibern.ch\/activityofcomets\/wp-json\/wp\/v2\/pages\/43\/revisions"}],"predecessor-version":[{"id":79,"href":"https:\/\/teams.issibern.ch\/activityofcomets\/wp-json\/wp\/v2\/pages\/43\/revisions\/79"}],"wp:attachment":[{"href":"https:\/\/teams.issibern.ch\/activityofcomets\/wp-json\/wp\/v2\/media?parent=43"}],"curies":[{"name":"wp","href":"https:\/\/api.w.org\/{rel}","templated":true}]}}